r when 1575164 is divided by 1907?
1889
Calculate the remainder when 64016276 is divided by 175387.
21
What is the remainder when 6439525 is divided by 77?
15
What is the remainder when 2151686 is divided by 10?
6
Calculate the remainder when 48366289 is divided by 824.
785
What is the remainder when 719249 is divided by 143756?
469
Calculate the remainder when 45701 is divided by 41916.
3785
Calculate the remainder when 108828 is divided by 9879.
159
What is the remainder when 12091605 is divided by 322?
183
What is the remainder when 162100 is divided by 6753?
28
Calculate the remainder when 9925255 is divided by 19087.
15
What is the remainder when 15585801 is divided by 7792889?
23
Calculate the remainder when 12042000 is divided by 36271.
28
What is the remainder when 50226180 is divided by 59?
11
What is the remainder when 23813227 is divided by 80?
27
What is the remainder when 50505 is divided by 3294?
1095
What is the remainder when 220934678 is divided by 10?
8
What is the remainder when 5651 is divided by 226?
1
What is the remainder when 23701740 is divided by 198?
150
What is the remainder when 78921281 is divided by 1033?
81
Calculate the remainder when 10160806 is divided by 4579.
5
What is the remainder when 3594511 is divided by 5981?
5911
What is the remainder when 30557609 is divided by 261176?
17
Calculate the remainder when 12430417 is divided by 637.
636
What is the remainder when 74504 is divided by 2755?
119
Calculate the remainder when 18063025 is divided by 42302.
71
What is the remainder when 102361 is divided by 34084?
109
What is the remainder when 558087 is divided by 1608?
111
What is the remainder when 2998466 is divided by 25?
16
Calculate the remainder when 12025983 is divided by 128.
127
Calculate the remainder when 28098820 is divided by 52.
48
Calculate the remainder when 97764 is divided by 24438.
12
Calculate the remainder when 5026999 is divided by 753.
724
What is the remainder when 5762829 is divided by 1235?
319
What is the remainder when 325696299 is divided by 243?
240
What is the remainder when 6424351 is divided by 104?
63
Calculate the remainder when 19123 is divided by 7479.
4165
Calculate the remainder when 113501944 is divided by 5218.
8
Calculate the remainder when 1499503 is divided by 38.
23
What is the remainder when 4671120 is divided by 199?
192
Calculate the remainder when 171900157 is divided by 320.
317
What is the remainder when 9896616 is divided by 79?
49
Calculate the remainder when 1373738 is divided by 137370.
38
What is the remainder when 3367348 is divided by 450?
448
What is the remainder when 1851646 is divided by 2916?
2902
What is the remainder when 46846 is divided by 22364?
2118
What is the remainder when 4373219 is divided by 368?
275
What is the remainder when 158107 is divided by 39454?
291
Calculate the remainder when 283220 is divided by 141576.
68
Calculate the remainder when 12976119 is divided by 1806.
9
Calculate the remainder when 116603 is divided by 873.
494
Calculate the remainder when 1294142923 is divided by 14974.
14973
Calculate the remainder when 9988296 is divided by 700.
696
Calculate the remainder when 409212 is divided by 5821.
1742
What is the remainder when 666903 is divided by 111150?
3
Calculate the remainder when 656101 is divided by 513.
487
What is the remainder when 2142407 is divided by 45?
2
Calculate the remainder when 62881931 is divided by 653.
643
What is the remainder when 72219 is divided by 395?
329
Calculate the remainder when 1419135 is divided by 1923.
1884
Calculate the remainder when 2150609 is divided by 8023.
445
What is the remainder when 509822 is divided by 18881?
35
Calculate the remainder when 10773 is divided by 8640.
2133
What is the remainder when 1008994 is divided by 3883?
3297
Calculate the remainder when 80984 is divided by 6588.
1928
Calculate the remainder when 131963 is divided by 4709.
111
What is the remainder when 76934743 is divided by 1245?
1213
Calculate the remainder when 91586280 is divided by 58.
46
Calculate the remainder when 317149 is divided by 208.
157
What is the remainder when 1390429 is divided by 2492?
2385
What is the remainder when 827740 is divided by 2184?
4
Calculate the remainder when 44052637 is divided by 44052632.
5
What is the remainder when 2315707 is divided by 747?
7
What is the remainder when 79690 is divided by 69?
64
Calculate the remainder when 23021719 is divided by 271.
269
What is the remainder when 405617 is divided by 135119?
260
Calculate the remainder when 47758782 is divided by 32.
30
Calculate the remainder when 245827 is divided by 30726.
19
What is the remainder when 987026297 is divided by 7?
5
What is the remainder when 2197447 is divided by 778?
375
What is the remainder when 19758723 is divided by 5964?
5955
Calculate the remainder when 363856 is divided by 45461.
168
Calculate the remainder when 28293097 is divided by 114085.
17
Calculate the remainder when 24686 is divided by 892.
602
What is the remainder when 591879 is divided by 196865?
1284
What is the remainder when 423875 is divided by 231?
221
What is the remainder when 14433704 is divided by 5575?
29
What is the remainder when 89691 is divided by 2639?
2604
Calculate the remainder when 1556041 is divided by 1287.
58
Calculate the remainder when 257688 is divided by 1765.
1763
Calculate the remainder when 183675 is divided by 182952.
723
Calculate the remainder when 10033659 is divided by 140.
139
What is the remainder when 359129 is divided by 503?
490
What is the remainder when 40194 is divided by 1538?
206
Calculate the remainder when 494559349 is divided by 535.
534
What is the remainder when 12227240 is divided by 249533?
123
What is the remainder when 7674899 is divided by 50?
49
Calculate the remainder when 178399 is divided by 88926.
547
What is the remainder when 400915 is divided by 402?
121
Calculate the remainder when 735655 is divided by 12.
7
What is the remainder when 440856 is divided by 30?
6
Calculate the remainder when 249475 is divided by 83146.
37
What is the remainder when 268667999 is divided by 204?
203
What is the remainder when 311717 is divided by 419?
400
What is the remainder when 106378697 is divided by 8?
1
What is the remainder when 2352233 is divided by 94089?
8
Calculate the remainder when 2585421 is divided by 75.
21
What is the remainder when 1062514 is divided by 1061921?
593
Calculate the remainder when 522682 is divided by 174179.
145
Calculate the remainder when 63481 is divided by 14530.
5361
What is the remainder when 15631 is divided by 14458?
1173
Calculate the remainder when 1620645 is divided by 162060.
45
Calculate the remainder when 908035 is divided by 181607.
0
What is the remainder when 137269 is divided by 10464?
1237
What is the remainder when 2400258 is divided by 141191?
11
What is the remainder when 705828 is divided by 19047?
1089
Calculate the remainder when 6469913 is divided by 33.
32
What is the remainder when 166123 is divided by 82965?
193
What is the remainder when 5967784 is divided by 341?
284
What is the remainder when 446849 is divided by 149?
147
What is the remainder when 1299398 is divided by 13?
9
Calculate the remainder when 1015933 is divided by 3364.
5
What is the remainder when 92694 is divided by 2607?
1449
Calculate the remainder when 40270 is divided by 784.
286
Calculate the remainder when 20714597 is divided by 1218505.
12
What is the remainder when 164342 is divided by 1132?
202
What is the remainder when 117882277 is divided by 14?
9
What is the remainder when 7332045 is divided by 2443947?
204
What is the remainder when 7016437 is divided by 1934?
1819
Calculate the remainder when 506648 is divided by 1273.
1267
Calculate the remainder when 2504533 is divided by 131817.
10
What is the remainder when 6463460 is divided by 28?
24
Calculate the remainder when 138688665 is divided by 4678.
4677
Calculate the remainder when 635456 is divided by 26429.
1160
Calculate the remainder when 26874595 is divided by 940.
935
What is the remainder when 27140334 is divided by 1212?
18
What is the remainder when 29270 is divided by 13073?
3124
What is the remainder when 3780063 is divided by 1259994?
81
Calculate the remainder when 